6) - o/(-3). Suppose -c*y - 8 = -20. Is y prime?
False
Let r(w) = -61*w**3 - 2*w**2 + 7*w + 11. Is r(-3) a composite number?
False
Let m(v) = 29*v**3 - 3*v**2 + v + 1. Let c be (-4)/(-14)*(-35)/(-5). Is m(c) composite?
False
Let p(c) = c**3 - 7*c**2 + 9*c + 8. Let n(i) = 2*i**3 + 2*i**2 - i + 2. Let x be n(-2). Let h = 5 - x. Is p(h) composite?
False
Suppose 27*b + 663384 = 51*b. Is b prime?
False
Let s(c) = -173*c - 10. Is s(-7) composite?
False
Let s = 23070 - 5413. Is s a prime number?
True
Let v = -7048 + 14151. Is v a composite number?
False
Let x(h) = 201*h**3 - 2*h**2 - 2*h + 2. Let i be x(2). Suppose -2847 = -5*n + i. Is n a prime number?
False
Let m(w) = -13*w**3 + 13*w**2 - 2*w + 13. Is m(-14) prime?
True
Let z be ((-10)/8)/(-1 + (-16122)/(-16128)). Let f = -1583 + z. Is f a composite number?
False
Let w = 31 - 26. Suppose -13 = -w*t + 152. Is t a prime number?
False
Let v(h) = h**3 + h**2 - h - 1. Let m(o) = -2*o**3 - 11*o**2 + 10*o + 9. Let f(q) = -m(q) - 3*v(q). Let j be f(7). Is 163 - (j + 3 + 3) a prime number?
True
Let p = 180 + -19. Is p a composite number?
True
Let l = -28613 - -61300. Is l a prime number?
True
Suppose -5*r + 8*r - 15 = 0. Suppose 5*c = -5*s - r - 5, 3*s + 2*c = -4. Suppose s = -f - f + 66. Is f composite?
True
Suppose -5*d + v + 75446 = 0, 2*v = -5*d - 9997 + 85440. Is d prime?
False
Let a(p) = 10648*p - 65. Is a(1) prime?
False
Let a(m) = 111*m**2 - 51*m + 5. Is a(4) a prime number?
False
Suppose -4*m = 5*f - 2087, 0 = 5*f + 5*m - 2*m - 2089. Is f prime?
True
Let z(i) = -i - 1. Let g(p) = p**3 - p**2 - p - 5. Let n be g(0). Let s be z(n). Suppose -s*d + 422 = -662. Is d a prime number?
True
Suppose 0 = 7*w - 86 + 9. Suppose w*n = 21*n - 550. Is n a composite number?
True
Let b be 833 - ((-4)/2 + 1). Suppose -2 = -2*m, -4*m - b = -2*o - 0*m. Is o a composite number?
False
Let k(r) = 10*r**2 + 11*r - 8. Is k(9) prime?
False
Let j(i) = 3*i**2 + 12*i - 17. Suppose -9*n + 60 = -3*n. Let q(k) = k**3 - 10*k**2 + k - 2. Let a be q(n). Is j(a) composite?
False
Let a(l) = l**3 - 4*l**2 + 3. Let d be a(4). Suppose 13 = -4*g + 1, 5*t - 6186 = -d*g. Suppose -t = -4*h - 35. Is h prime?
False
Is 22/(-66) + (-23174)/(-6) prime?
False
Let x = 33 - 21. Is (-1082)/(x/(-6) - 0) a composite number?
False
Let m(c) = 2*c**2 - 2*c. Let g be m(0). Suppose -6*u + 848 = -2*u - 3*s, g = 5*u + 3*s - 1033. Is u prime?
False
Let c = -79 + 93. Suppose h - 2213 = 5*p, -4*p + 6 = c. Is h a composite number?
False
Let z(y) = y + 5. Let j(r) = r**3 - 5*r**2 + 3*r + 4. Let t be j(4). Let a be z(t). Suppose a*v = 4*w + 2383, -2*w = -v - 317 + 790. Is v a composite number?
False
Let l = 4 + -2. Suppose 47 = l*m - 109. Let z = 197 - m. Is z composite?
True
Suppose -y + 4*m = -11571, -21*y = -16*y + m - 57897. Is y a prime number?
True
Suppose 1057438 = 22*s - 174276. Is s composite?
False
Suppose -5*a + 2*a + 29 = -4*h, -3*a = -5*h - 34. Suppose -4*w + 7609 = -3*k, -4*w - a*k + 5577 + 2038 = 0. Is w composite?
True
Suppose -4*q + 1184 = -3*p - p, q - 304 = 5*p. Suppose -h + q + 99 = 0. Suppose 216 = 3*i - h. Is i composite?
True
Let l = -59 - -39. Is (70/l)/((-2)/388) a composite number?
True
Let h(t) = 162*t**2 - 12*t - 35. Is h(-4) composite?
True
Let h = -2 + 4. Suppose 152 = h*v - 30. Is v a prime number?
False
Suppose 16 - 76 = -3*w. Suppose -y + 2 = -5*l + w, 0 = 3*y + 9. Suppose 6*t - 136 = l*t + 2*i, 2*t = i + 91. Is t composite?
True
Suppose q - 87 = -b, -2*b + 5*q - 79 = -3*b. Suppose 3*n - 2*n = b. Let t = n - 52. Is t composite?
False
Suppose -170*y + 174*y + 112 = 0. Suppose 0 = x - 3 - 74. Let p = y + x. Is p prime?
False
Let c be ((-10)/3 + 4)*3. Suppose -c*f = -5*f - 480. Let o = 3 - f. Is o a prime number?
True
Is ((-348)/8)/((-15)/590) prime?
False
Let r(v) be the third derivative of v**6/120 + v**5/30 - v**4/24 - v**3/6 + 8*v**2. Let t be r(-1). Let k(c) = 127*c**2 - 2*c + 2. Is k(t) prime?
True
Suppose -893*c + 897*c = -148. Suppose 3*g = -2*o - 2502, -3*g - 4*o - 3336 = g. Let j = c - g. Is j prime?
True
Suppose -n + 38 + 37 = 0. Let z(t) = -21*t - 70. Let y be z(2). Let r = n - y. Is r a composite number?
True
Let j be (9 - 50) + 2*-1. Let w be j + 2/2 + 1. Is (w/2)/(1/(-14)) a prime number?
False
Suppose -101183 = 67*h - 770044. Is h a prime number?
False
Let x(z) = 2*z**2 - z + 10. Suppose -n - 2*c - 20 = 0, -4*c + 29 = -n - 9*c. Let h be 10/(-35) - 74/n. Is x(h) prime?
False
Suppose 6*m = 8*m. Suppose -5*w = 2*x - 0*w - 175, 4*x - 5*w - 395 = m. Is x composite?
True
Let r = 463 - 848. Let y = r - -887. Is y composite?
True
Let m = -79 - -75. Let z(i) = -188*i - 29*i + 6 + 3. Is z(m) a composite number?
False
Let n(v) = 19*v**2 + 0*v**3 - v**3 - 6*v + 0*v**2 - 9. Let c = 2035 + -2018. Is n(c) a prime number?
True
Let a = 43 + -39. Suppose -3*m + 0*m = 3*d - 12, -a*m + 4*d = -24. Suppose -x + 148 = -4*i + 21, -m*i = 4*x - 592. Is x a prime number?
False
Let b(f) = 1671*f - 110. Is b(17) a prime number?
True
Suppose 5*j - 142002 = -3*a, 5*a + 110*j - 236710 = 115*j. Is a a composite number?
False
Let f(p) be the first derivative of -47*p**2/2 - 16*p + 28. Is f(-9) a prime number?
False
Let f(r) = 2*r + 5*r - 3*r + 2*r - 6 + 24*r**2. Let g be f(4). Suppose t - g = -2*t. Is t a prime number?
False
Let n = 79590 - 27071. Is n composite?
True
Let s(o) = 2*o**3 - 8*o**2 + o - 2. Is s(7) prime?
False
Let i be (-2 + (-35)/(-10))*4/(-6). Let a(k) = 1210*k**2 - k. Is a(i) composite?
True
Suppose 8 = -s + 4*g, -3*s + g - 1 - 1 = 0. Suppose 2*p = 3*p - 4*a - 2441, s = 5*p + a - 12184. Is p a prime number?
True
Let f(r) = 6*r**2 - 6*r - 1. Let b be f(9). Suppose 5*p - 3*v = b, 0*p - 4*p + 348 = -4*v. Is p composite?
True
Suppose -16748 - 17267 = -5*g. Is g prime?
True
Let w = -21 + 58. Let f(u) = 5*u - 2*u + 32 - w. Is f(4) composite?
False
Let s(m) be the second derivative of -11*m**5/20 + m**4/6 + m**3/2 + 5*m**2/2 - 10*m. Is s(-5) a prime number?
False
Suppose 14*i - 30 - 12 = 0. Suppose -7*g = -3*g + 4*d - 5396, -6729 = -5*g + i*d. Is g composite?
True
Let u be ((-15)/9 - -3)/(2/3). Suppose -1174 = u*f - 3*f. Is f a composite number?
True
Let z = 423 - 336. Is z a prime number?
False
Let k(m) = m - 18. Let a be k(10). Is (-4)/a*(-1)/1*-2498 composite?
False
Let y(b) = -b**3 + 11*b**2 + 10*b + 2. Let i be y(9). Let c = i + 5. Is c a prime number?
False
Let m = 18 - 13. Suppose 4*o - 47 = -o - 4*w, -5*o + 65 = -m*w. Let d = o - -2. Is d composite?
False
Let y = 6 + 1. Let t(c) = c**3 - 7*c**2 + 1. Let k be t(y). Suppose -221 = -x - 5*p, -p + 3 - k = 0. Is x a prime number?
True
Suppose 2*r = 5*q + 237, 129 = 2*r - r + q. Is (-36)/r + (-1395)/(-7) composite?
False
Let t(g) = 41*g + 10. Suppose u - 9 = x, 2*x = -4*u - 0*u + 36. Is t(u) a composite number?
False
Let d be (-82)/(2*5/(-220)). Suppose 9*p + d = 13*p. Is p a composite number?
True
Is (-2)/(-6) - 1595580/(-90) composite?
False
Suppose -4*s - 2 = -5*s. Let r(t) = -s*t + 13 + 46 + 40 - 12. Is r(0) a composite number?
True
Suppose 72*l = 75*l - 834. Is l a composite number?
True
Suppose 4*w - 5*w - 4808 = -3*m, -8000 = -5*m - w. Is m composite?
False
Suppose m - 4*i + 2*i - 315 = 0, 2*m + 3*i = 616. Is m composite?
False
Suppose -11357 + 50787 = 10*n. Is n composite?
False
Let p(v) = 51*v**2 - 77*v - 149. Is p(-23) a prime number?
False
Let s(a) = 78*a + 317. Is s(62) a composite number?
False
Let a be 22*34/(-4)*-1. Let x = 489 - a. Let r = 459 - x. Is r a prime number?
True
Let v = -4098 + 8089. Is v composite?
True
Suppose -7551 = -5*a - g + 17595, -5*a + 2*g = -25143. Is a a prime number?
False
Let o be 2575*(-3 - (-17)/5). Suppose o = 5*i - 555. Is i prime?
True
Let b be (-46)/(-8) - 3/4. Suppose b*u - 32 = u. Suppose 2*p - 94 = -u. Is p composite?
False
Suppose 3*o - 4285 - 3953 = -g, 0 = 5*o + 2*g - 13729. Is o prime?
False
Suppose -3 = -2*s + 3*a, -3*s - 3*a + 15 = 3. Let j(p) = p + 3. Let b be j(0). Suppose -r - s*r = -3*d + 2361, 3*r - 2382 = -b*d. Is d a composite number?
True
Let a be ((-4)/10)/(8/40). Let m be 3/(-1*a/926). Suppose -132 = 3*r - m. Is r a prime number?
True
Suppose -96167 = -28*v + 111061. Is v a prime number?
False
Let x(n) = -1143*n - 769. Is x(-44) a prime number?
True
Let p(f) = -470*f**2 + 6*f - 3. Let a be p(2). Let t = -1330 - a. Is t a c